 Does 12 divide n?
True
Let z be ((-32)/12)/(8/(-12)). Suppose z*j - 1086 = j. Suppose -15*h + 17*h - j = 0. Is h a multiple of 22?
False
Let f = 17399 - 16597. Is f a multiple of 9?
False
Suppose -2*m - g = -401, 3*g - g = 10. Let a = m - 90. Suppose a = 2*s - 3*n, -4*s = -0*s - n - 196. Is 12 a factor of s?
True
Let m be -25*((-9)/(-5) - 2). Suppose -m*i - 225 = -b, -b - 3*i + 193 = -0*b. Is b a multiple of 41?
True
Let h(f) = f**2 - 4*f + 2. Let s be h(0). Suppose -2*q - r = s*r - 96, -159 = -3*q + 3*r. Is q a multiple of 5?
False
Let h(d) = 19*d**2 + 22*d + 3. Suppose 166*o = 168*o + 14. Is h(o) a multiple of 12?
True
Let a(z) = 542*z**2 - 57*z + 14. Is a(6) a multiple of 18?
False
Let o(y) be the first derivative of -y**2/2 + 11*y + 15. Let k be o(9). Suppose k*d - i = 3*i + 238, 0 = 5*d + 4*i - 567. Is d a multiple of 23?
True
Let b(f) = 17*f - 37. Let u(l) = 36*l - 192. Let s be u(6). Is 40 a factor of b(s)?
False
Let i(h) be the first derivative of -h**4/4 + 16*h**3/3 + 7*h**2/2 - 12*h + 57. Is i(16) a multiple of 19?
False
Let q = 1122 - -5628. Does 10 divide q?
True
Let d be 9/((-1 - -1) + 8 + -7). Suppose -d*r + 5434 = -56. Is 18 a factor of r?
False
Suppose -2*o = 2*v - 20, -2*v + 4*o - 22 = -4*v. Suppose -2*l = -4*n + 24, v*l = 4*l. Suppose n*z - 41 = 5*z. Is z a multiple of 11?
False
Suppose 69*h + 26*h - 81510 = 0. Is h a multiple of 46?
False
Suppose -127*g + 323427 = -255566. Does 7 divide g?
False
Let b be (-19)/(-2) + 8/16. Suppose r + b - 303 = 0. Does 61 divide r?
False
Let t = -19957 - -25537. Is t a multiple of 28?
False
Let f(j) = 2*j**2 + 70*j + 83. Let w be f(-34). Is 7 a factor of (2 - -98)*w/10 + 4?
True
Suppose -198122 = -119*h + 140782 + 62483. Is 24 a factor of h?
False
Suppose -19*w - 21278 = -20*w + 3*i, -3*i + 63882 = 3*w. Is w a multiple of 10?
True
Is (42174/(-45))/((-120)/4000) a multiple of 284?
True
Suppose -5*t = 5*i - 100, 0 = 3*t + 2*i - 0*i - 65. Suppose t = -5*k + 5*p, k - 5*p + p = 4. Let o(d) = d**2 - 4*d. Does 24 divide o(k)?
True
Let k = -8904 + 22704. Does 24 divide k?
True
Suppose -56*h - 47*h = -89*h - 56. Let f(a) = a - 2. Let d be f(5). Suppose -h*i + 44 = -d*i. Is 22 a factor of i?
True
Let l(k) = -k**3 - 17*k**2 + 22*k + 2. Suppose -348 = 33*z + 279. Is 51 a factor of l(z)?
True
Suppose -l + 4*f + 44 = 2*l, -27 = -4*l - f. Let n be 39/15 + l/20. Suppose -19 = -k + n. Does 22 divide k?
True
Let b(f) = -f**3 - 4*f**2 + 10*f + 9. Suppose 0 = -8*z - 11 - 21. Let n be b(z). Let w = 59 + n. Does 7 divide w?
True
Suppose 0 = 3*g - 865 - 500. Suppose -2*v = 5*i + 3*v - g, -270 = -3*i - 2*v. Let j = -77 + i. Is j a multiple of 2?
False
Suppose 4*h - 5473 + 12567 = 58510. Is h a multiple of 139?
False
Suppose 5*g = -c + 533, 3*g + 3*c - 95 = 232. Suppose 5*o - 20 = 0, -76 = s - o - 0*o. Let x = g + s. Is x a multiple of 10?
False
Let c be 4/20*0 - -3. Let n = c - -156. Let q = n + -43. Is q a multiple of 15?
False
Suppose -7*m + 3*o - 16 = -8*m, 0 = -m + 4*o + 9. Let h(s) = -s**3 + 14*s**2 + 4*s + 16. Does 32 divide h(m)?
False
Suppose i = -5*l + 51, 4*i + l - 193 + 8 = 0. Let j = -68 - i. Let p = j - -226. Does 14 divide p?
True
Suppose -17*f + 1872 + 9178 = 0. Suppose -2*p - o = -f, 5*p - 524 - 1106 = -5*o. Is p a multiple of 18?
True
Let h(j) be the third derivative of -j**6/60 - j**5/30 - j**4/8 - j**3/6 + 18*j**2. Let p be h(3). Let q = p + 238. Does 26 divide q?
True
Suppose -3*o - 74602 = -5*h - 12098, -37500 = -3*h + 3*o. Is h a multiple of 68?
False
Let x(f) be the third derivative of 0*f + 10*f**2 + 1/8*f**4 - 11/3*f**3 + 0. Does 2 divide x(9)?
False
Let z = 831 - 241. Let q = z - 275. Is q a multiple of 15?
True
Let s be 2 - (-60)/(1/1). Let b = s - 4. Is 10 a factor of b?
False
Suppose -35856 = -196*j + 192*j. Let f be 13/(195/j) + 4/10. Does 14 divide ((-2)/1 - -1)/((-2)/f)?
False
Let x(b) be the third derivative of b**4/12 - 16*b**3/3 + 6*b**2. Let z be x(16). Suppose -g - 17 + 37 = z. Does 12 divide g?
False
Suppose -812*v + 816*v + 5*s = 1915, 4*v - 5*s - 1925 = 0. Is 4 a factor of v?
True
Let u(x) = x**2 + 49*x + 301. Let c be u(-42). Let j(p) be the first derivative of p**3/3 - 2*p**2 + p - 2. Is 22 a factor of j(c)?
True
Suppose 0 = 4*h - 27 + 7. Suppose 2*w + 3*w = -5*y, w + h = 4*y. Let x(j) = 40*j - 5. Is 8 a factor of x(y)?
False
Let t be 4 + -4 - 5 - 163. Let q be t/(-8)*3/18*2. Suppose 0 = 2*r + q*r - 1215. Does 45 divide r?
True
Let c(x) = 69*x**2 - 20*x - 21. Is c(-7) a multiple of 70?
True
Let o be ((-3)/(-6))/(4/(-6032)). Let t = -315 - o. Is 8 a factor of t?
False
Suppose -25*p - 613263 = -2*p - 42*p. Does 7 divide p?
True
Suppose 0 = 6*r - 9*r + 165. Let i = 168 - r. Does 4 divide i?
False
Let b(c) = -c**2 + 2*c + 116. Let y be b(0). Suppose y = 8*a - 380. Is a a multiple of 13?
False
Let z(v) = -v**3 + 7*v**2 + v - 15. Suppose 0 = -2*m + 2*g + 4, 3*m + 0*g = -g + 10. Suppose m*s + 3*k - 4 = 4*s, 5*s = 4*k + 13. Is 18 a factor of z(s)?
False
Let p = 248 + -106. Suppose -5*w - p = -6*w. Suppose v + m - 103 = 0, 5*m + w + 243 = 4*v. Is v a multiple of 25?
True
Is 46 a factor of (-372)/42 + 9 + 69570/21?
False
Let z(y) = -2*y + 21. Suppose 5*s - 8*u = -4*u + 39, -2*u = 4*s - 26. Let n be z(s). Suppose -4*h - 60 = -n*h. Is h a multiple of 5?
True
Let f = 159 + -87. Let c = -3210 - -3077. Let j = f - c. Is 45 a factor of j?
False
Let w(j) = -7. Let m(o) = -o - 14. Let d(f) = -6*m(f) + 13*w(f). Let n be d(-4). Is (4 - n)/1 + -1 a multiple of 12?
False
Let u = 272 - 264. Let h(c) = 98*c + 8. Is h(u) a multiple of 18?
True
Suppose -3*z - 5*h - 1 = -2*z, 5*z - 16 = -4*h. Suppose m + 46 = -4*v - m, -z*v = -4*m + 64. Let s = v + 110. Is 42 a factor of s?
False
Let v be (16/6 + 0)*9/(-2). Let g be -4*v/16 + 2 + -3. Suppose g*h = -3*p + 80 - 22, 50 = 2*h + 5*p. Is h a multiple of 24?
False
Let n be 25 - 2 - (4/2 + -3). Suppose -n + 18 = -q. Let a(m) = m**3 - 5*m**2 + m - 4. Does 19 divide a(q)?
True
Let w(k) be the second derivative of 15*k**4/4 - 3*k**3/2 + 9*k**2 - 80*k. Is 58 a factor of w(2)?
False
Let k be 76/18 - (-12)/(-54). Suppose -5982 + 1374 = -6*z. Suppose -c - z = -k*c. Is c a multiple of 17?
False
Let a = 875 - 359. Suppose 2*g + 409 = 3*d, 0 = -5*d + 4*g + 167 + a. Is d a multiple of 15?
True
Suppose 5*x - 4*x - 2 = 0. Suppose -2*v = -2*s, 4*v = x*s - 0*v. Suppose -h = -s*b + 3*b - 169, 5*b + 4*h = 270. Is 13 a factor of b?
False
Let f = -1251 + 14451. Does 88 divide f?
True
Let h = 3873 - 2398. Suppose 2053 = 4*f - h. Is f a multiple of 14?
True
Suppose 3*q - 4*i = -9 + 19, -q - 1 = 3*i. Does 6 divide ((-22)/55)/(q/(-100))?
False
Let y = 46840 - 23108. Is y a multiple of 68?
True
Let f = -10031 - -18899. Does 13 divide f?
False
Let q be ((-24)/9)/4*(-3819)/2. Let x = -814 + q. Let k = x + -327. Is 11 a factor of k?
True
Suppose 3*j = -t + 177, 2*t - 9*j - 318 = -6*j. Let r = -69 + t. Does 8 divide r?
True
Let q = 15041 + -6455. Is q a multiple of 106?
True
Suppose -6*l - 5*n = -20, -3*l - n = n - 8. Suppose g - 6*g = 0. Suppose -u - 2*w + 102 = l, g = 4*u + 3*w - w - 396. Does 14 divide u?
True
Let d = 9028 - 6506. Is 3 a factor of d?
False
Let a be (-3 + (-15)/(-9))/(2/30). Does 8 divide ((-168)/a)/((-2)/((-20)/3))?
False
Let i(w) = -w**3 - w**2 + 4*w + 6. Let d be ((-16)/(-12))/(2/(-6)). Let y be i(d). Let o = y + -32. Is o a multiple of 6?
True
Let k(a) = a - 1. Let n be k(1). Let u(d) = d**2 + 3. Let o be u(n). Suppose 2*p - 440 = -o*p. Does 28 divide p?
False
Suppose 2526 = 9*m - 3*m. Suppose 10*x = 799 + m. Does 7 divide x?
False
Suppose 0 = -14*m + 3103 - 373. Let p = -79 + m. Is p a multiple of 10?
False
Let d be ((-2)/3*-893)/(6/(-9)). Let q = -216 - d. Is 33 a factor of q?
False
Let n(m) = 241*m**2 + 16*m - 121. Does 22 divide n(5)?
True
Suppose 296497 = 33*f - 112835. Is f a multiple of 99?
False
Suppose 17*v - j = 13*v + 13461, -4*j - 4 = 0. Is 20 a factor of v?
False
Let i = 47 - 43. Suppose i = s + 9. Let g(l) = -l**3 - 5*l + 12. Is g(s) a multiple of 14?
False
Let z(y) = 122*y - 6. Let t be z(3). Suppose -34*l = -42*l + t. Does 15 divide l?
True
Suppose 139*u - 472027 = 164037. Is 16 a factor of u?
True
Let p = 68327 + -46238. Is 37 a factor of p?
True
Is 456/(20 - 696/36) a multiple of 25?
False
Suppose -30*h = -26*h - 1600. Let d = h + -260. Is